-6*r - 3. Let d = -13 + 11. Give y(d).
9
Let s(i) be the third derivative of -i**7/840 + i**6/72 - i**5/40 + i**4/24 - 7*i**3/6 - 5*i**2. Let f(d) be the first derivative of s(d). Determine f(3).
10
Let s(i) = -2*i**2 + 3*i - 3. Let t(z) = -z**2 + 8*z - 12. Let f be t(3). Calculate s(f).
-12
Suppose 0*r = r - 2. Let i(n) = -3*n + 5*n + n + n - r. Calculate i(2).
6
Let h(s) be the first derivative of s**4/3 - 3*s**2 + 2. Let n(f) be the second derivative of h(f). Determine n(1).
8
Let t = 10 + -7. Let s(l) = 4*l - 4*l + t*l. What is s(3)?
9
Let g(t) be the first derivative of t**3/3 - 5*t**2/2 - 7*t + 10. Give g(6).
-1
Let r(s) = s**2 - 1 + 1. Let w be (-24)/9*(-27)/12. Suppose -4*n = -2*v + 8, w = 2*n - 5*n + 4*v. What is r(n)?
4
Let g(a) be the first derivative of a**4/4 - a**3 - a**2/2 - 2. What is g(3)?
-3
Let s be (-26)/10 + (-15)/(-25). Let p = 1 - s. Let u(z) = z**3 - z**2 - 4*z + 2. Determine u(p).
8
Let s(a) = 2*a**2 + 2 - a**2 - 3*a**2. Let m be s(2). Let k(f) = -f**2 - 7*f - 6. Determine k(m).
0
Let o(m) = 3*m**2 - 2*m - 2. Let r = -3 - -16. Let y = r - 11. Determine o(y).
6
Let z(x) = 8 - 10 + 2 + 5*x - 2*x**2. Calculate z(4).
-12
Let p(h) = 3*h**2 + h**3 + 4*h**2 - 8*h + 7 + h + 0. What is p(-8)?
-1
Let j(b) = -b**3 - 14*b**2 - 12*b + 17. Let k be j(-13). Let h = k + -2. Let w(t) = 7*t**3 + t**2 + 0 + t + 0*t**3 - 1 - 2*t**h. Calculate w(1).
6
Let b(u) be the first derivative of u**2 + 67. Give b(1).
2
Let i be (-1)/(-3) + (-2)/6. Suppose 3*m = -i*m + 6. Let l = m + -3. Let g(k) = -2*k**2 - k - 1. What is g(l)?
-2
Let n(o) = -o**2 + 10*o - 9. Let h be n(8). Let i(q) = q**2 - 9*q - 5. Determine i(h).
-19
Let b(g) be the first derivative of -g**4 + 7/3*g**3 - 2*g - 3 - 19/2*g**2. Let k(s) = 3*s**3 - 5*s**2 + 13*s + 1. Let n(d) = -5*b(d) - 7*k(d). Determine n(-2).
3
Let q(c) = -3*c**2 - 1. Let g(i) = 1. Let z(s) = s. Let p(u) = -5*g(u) - z(u). Let y be p(-6). What is q(y)?
-4
Let c(q) = -q**3 - 8*q**2 - 6*q + 6. Let u(t) = -t**2 + 5*t - 7. Let g be u(5). What is c(g)?
-1
Let d(m) = 8*m**2 - 7*m + 7. Let u(v) = v**3 + 1. Let c(g) = -d(g) + u(g). What is c(7)?
-6
Let c be 2/9 - 20/9. Let w(m) = 9*m + 1. Determine w(c).
-17
Let w(i) = -i**2 + 10*i - 3. Let x be w(9). Suppose 0 = -5*n + 4 + x. Let p(q) = -3*q**3 + 4*q**2 - q - 2. Give p(n).
-12
Let b(k) = -k**3 - 6*k**2. Let c = 11 - 17. Give b(c).
0
Let n(q) = -q**3 - 11*q**2 - q - 6. Let w be (40 - -4)/(-4) - 0. Calculate n(w).
5
Let y(f) be the second derivative of -3*f**5/20 - f**4/12 + f**3/6 + f**2/2 - 23*f. Determine y(-1).
2
Let u(n) = n + 4. Let g be 2/(-1 + (-14)/(-18)). Let x = 5 + g. Give u(x).
0
Let l(k) = -k**2 - 7*k. Suppose -5*o = -19 - 6. Suppose o*i + 34 - 4 = 0. Let n be 28/(-8) + 9/i. Calculate l(n).
10
Suppose -8 = -3*y + 1. Let a be 5/y*(-4 + 7). Suppose -2*z - a*p + 7 = 0, p = -3*z + 3*p - 18. Let n(r) = r**2 + r - 5. Determine n(z).
7
Let j(f) be the third derivative of -f**6/720 - f**5/60 + 5*f**4/24 - 2*f**2. Let l(r) be the second derivative of j(r). What is l(-6)?
4
Let k(a) be the third derivative of -a**5/30 - a**4/24 - a**2. Suppose 4*s = 3*s - 1. Determine k(s).
-1
Let l = 5 - 3. Let z(i) be the third derivative of i**5/20 - i**4/12 + i**3/3 - 21*i**2 - 2. Give z(l).
10
Let w(n) = n - 2. Let u be (-48)/(-10) - (-3)/15. Suppose 7 - 2 = u*j. Let a be 1*-2 + 5/j. Give w(a).
1
Let t be (-3 + 4)/(34/8 - 4). Let c(j) = -j**2 + 4*j + 2. Calculate c(t).
2
Let t(n) = -n**3 + 6*n**2 + 2*n - 6. Suppose -30 = -3*j - 2*j. Calculate t(j).
6
Suppose 5*b - 2*l + 3*l - 5 = 0, 0 = 4*b + l - 4. Let d(i) = 3*i + 0*i + b + i. Determine d(1).
5
Let w = -4 + 4. Let d(o) be the first derivative of 8*o + 0*o**2 - 2 + 1/4*o**4 + 1/3*o**3. Calculate d(w).
8
Let m be (1 - (0 - 0))/(3/9). Let n(l) = -l**2 + l. Let k(v) = -v**2 + v. Let w(p) = 2*k(p) - 3*n(p). Give w(m).
6
Let a(f) = 3*f - 2*f + 0 - 2. Determine a(4).
2
Let b(q) = -q - 15. Let p(x) = -x - 14. Let i(o) = -5*b(o) + 6*p(o). Let u be ((-10)/2)/(-1) - 0. Let w(v) = v + 9. Let m(t) = u*w(t) + 4*i(t). Calculate m(-4).
5
Let k(t) = -t - 2. Suppose 2*v + 5*y + 13 = -2, 4*v = 2*y - 18. Let p be -1*16*(-2)/(-4). Let l = p - v. What is k(l)?
1
Let y = -8 + 13. Let g(a) = a - 1. Let u(q) = 2*q - 1. Let s(o) = y*g(o) - 6*u(o). Give s(1).
-6
Let n(w) = 11 - 54*w + 55*w - 12. Determine n(2).
1
Suppose 2 = 4*h - 10. Let w = h - 6. Let n(b) = -10*b**3 + 4*b**2 + 2*b - 13. Let f(t) = -7*t**3 + 3*t**2 + t - 9. Let m(a) = 7*f(a) - 5*n(a). What is m(w)?
-7
Let u(i) = -i + 7. Let w be u(8). Let r(g) = -3*g**3 + g**2 + g. Calculate r(w).
3
Let f(h) be the second derivative of -h**5/10 + h**4/6 - h**3/6 + 2*h. Suppose -4*t - 11 = 3*d - 0*d, 0 = d + 5. Determine f(t).
-1
Let q(l) = -l**3 + 6*l**2 - 4*l - 5. Let v(j) = j**2 + 9*j + 5. Let d be v(-9). Suppose -u + d = -0*u. Calculate q(u).
0
Let t(q) be the third derivative of q**6/45 - q**3/2 - q**2. Let l(r) be the first derivative of t(r). Determine l(1).
8
Let v(n) = n + 6. Let x = 3 + -6. Let m be v(x). Suppose 0 = -m*h - 1 - 14. Let w(p) = p**3 + 6*p**2 + 5*p + 3. Give w(h).
3
Let d(u) = -2*u**3 + 7*u**2 - 5*u - 10. Let h(v) = -3*v**3 + 11*v**2 - 8*v - 15. Let i(l) = -7*d(l) + 5*h(l). What is i(5)?
-5
Suppose -7*g = -12*g. Let l(v) = -v**2 + 6. Calculate l(g).
6
Let k(y) = -5*y. Let r(s) = -s**2 + 4*s + 48. Let q be r(-5). Determine k(q).
-15
Let r(p) = -p**2 + 7*p - 2. Let u be (-40)/(-15)*(-3)/(-2). Suppose 0 = -5*x + u*v + 4 - 7, x - 3*v = -5. Let h = 6 - x. What is r(h)?
8
Suppose 0 = -3*y + l - 8, 0*y - 4 = -y - 3*l. Let v(x) be the third derivative of -x**6/60 - x**5/20 - x**4/24 + x**2. What is v(y)?
6
Let p(i) = 13*i**2 - 13*i - 4. Let b(j) = -4*j**2 + 4*j + 1. Suppose -4*v + 21 = -v. Let k(q) = v*b(q) + 2*p(q). Calculate k(2).
-5
Let y(g) be the first derivative of -3*g**5/10 - g**4/12 + g**2/2 - 3*g + 2. Let v(m) be the first derivative of y(m). What is v(-1)?
6
Let g(t) = -5*t + 2. Let q(r) = -4*r + 2. Let j(p) = -5*g(p) + 6*q(p). Let s be (-18)/(-8) - 2/8. Calculate j(s).
4
Let b be 6 + (3 - (7 + -1)). Let m(h) = 2*h + b + 3*h - h. Give m(-2).
-5
Let z(f) = 2*f - 2. Let q(i) = 2*i - 1. Let p(b) = 3*q(b) - 2*z(b). What is p(-3)?
-5
Let j = -12 + 15. Let q(z) = -z**3 + 3*z**2. What is q(j)?
0
Let x(u) = 2*u**3 - 20*u**2 + u + 26. Let a(p) = -p**3 + 10*p**2 - 13. Let v(q) = 11*a(q) + 6*x(q). Determine v(9).
-14
Let y(s) = -3 - s - 1 + 2*s. Determine y(0).
-4
Let f(a) be the second derivative of -5*a**4/12 - a**3/6 - a**2/2 - a. Let b(d) = -14*d**2 - 2*d - 2. Let z(c) = 4*b(c) - 11*f(c). Calculate z(4).
-1
Let p(j) = j**2 - 8*j + 4. Let h = -20 - -27. Give p(h).
-3
Let v(p) = 6*p**2 - p**2 - p**2 - 5*p + p**2. Let d(a) = -6*a**2 + 6*a. Let f(o) = 4*d(o) + 5*v(o). Give f(1).
0
Let d(m) be the first derivative of -m**2 - 7*m + 23. Give d(-6).
5
Let w(m) = -4*m + 2. Let d(z) = -z + 1. Let a(i) = -d(i) + w(i). What is a(-4)?
13
Let x = 6 + -3. Let u(k) = 2*k**2 - 17*k + 2. Let w(d) = 13*d + d**2 + 1 - 13*d - 8*d. Let v(m) = -6*u(m) + 13*w(m). What is v(x)?
4
Let y = 6 - 5. Let i(d) = 13*d**3 + 2*d - 1. What is i(y)?
14
Suppose -5*n - 88 - 47 = 0. Let l be 1/(1/n*-3). Let m(a) = 6 + 5*a**2 + a**3 - l + 6. Give m(-5).
3
Let g be 6*(3 - 2)/2. Let j(x) = 2*x - 4. What is j(g)?
2
Let l(j) = j - 7. Let x(y) = -2*y - 2. Let o be x(-6). Let z = 19 - 9. Suppose -2*k = 4*d - z, 5*d - 2*k = -0*k - o. What is l(d)?
-7
Let n(i) = -4*i**3 - i**2 + i - 1. Suppose 0 = -4*f + f + 2*g - 3, -5*g + 15 = 0. What is n(f)?
-5
Let t(n) be the first derivative of n**2 + 3*n + 33. What is t(-2)?
-1
Let u(z) = z + 15*z + 5*z + 0 - 1. Calculate u(-1).
-22
Let g be (-56)/84 - 1/3. Let v(h) = 1 + 0 - 2 - 2*h. Give v(g).
1
Let v(u) be the first derivative of u + 1 + 7/2*u**2. Let i be 10/(-16) - 27/72. What is v(i)?
-6
Let m(b) be the second derivative of -1/120*b**5 + 0*b**2 - 1/4*b**4 + b + 0 - 1/720*b**6 + 0*b**3. Let t(c) be the third derivative of m(c). Give t(-2).
1
Let g(u) = -u. Suppose 0 = 3*y - 2*y + 4*q - 22, -5*y = -5*q + 15. Let i(n) = 33 - 12 - 7 - 15. Let w(j) = y*i(j) + g(j). Give w(4).
-6
Let o(d) = -d**2 + 5*d + 2. Let w be o(5). Suppose -5*k - 4*z + 46 = 0, -6*z = -3*k - w*z + 2. Let g(r) = -r + 4. Calculate g(k).
-2
Let r(q) = q**2 + 8*q + 3. Let z be ((12 - 2)/2)/1. Suppose c - 28 = z*c. Calc